s digit of 584180?
5
What is the hundreds digit of 27753852?
8
What is the thousands digit of 1285233?
5
What is the tens digit of 87381?
8
What is the thousands digit of 1882545?
2
What is the hundreds digit of 667868?
8
What is the tens digit of 338001?
0
What is the ten thousands digit of 16597122?
9
What is the hundreds digit of 6647858?
8
What is the hundreds digit of 5230?
2
What is the hundreds digit of 114609?
6
What is the hundreds digit of 1504442?
4
What is the hundred thousands digit of 11625424?
6
What is the tens digit of 784942?
4
What is the hundreds digit of 14456833?
8
What is the ten millions digit of 10786057?
1
What is the ten thousands digit of 2682146?
8
What is the hundred thousands digit of 3399564?
3
What is the units digit of 2376483?
3
What is the units digit of 340677?
7
What is the hundreds digit of 2932022?
0
What is the thousands digit of 13102979?
2
What is the ten thousands digit of 2939772?
3
What is the units digit of 2875425?
5
What is the units digit of 95974?
4
What is the ten thousands digit of 557932?
5
What is the tens digit of 5096733?
3
What is the thousands digit of 3361789?
1
What is the millions digit of 1188231?
1
What is the thousands digit of 2977070?
7
What is the hundred thousands digit of 4703291?
7
What is the millions digit of 4420297?
4
What is the thousands digit of 949683?
9
What is the hundred thousands digit of 227255?
2
What is the thousands digit of 803313?
3
What is the tens digit of 93339?
3
What is the tens digit of 130085?
8
What is the millions digit of 13161827?
3
What is the hundreds digit of 38380570?
5
What is the units digit of 179055?
5
What is the hundred thousands digit of 11770019?
7
What is the hundreds digit of 3381197?
1
What is the hundreds digit of 5054927?
9
What is the ten millions digit of 15760271?
1
What is the units digit of 2276369?
9
What is the thousands digit of 1441582?
1
What is the hundred thousands digit of 1058508?
0
What is the millions digit of 4766813?
4
What is the ten thousands digit of 778194?
7
What is the hundreds digit of 3921343?
3
What is the thousands digit of 96113?
6
What is the units digit of 134539?
9
What is the tens digit of 3349244?
4
What is the thousands digit of 217820?
7
What is the hundreds digit of 15380?
3
What is the millions digit of 1408004?
1
What is the thousands digit of 317224?
7
What is the ten thousands digit of 704968?
0
What is the ten thousands digit of 4953478?
5
What is the hundreds digit of 805871?
8
What is the hundreds digit of 2514?
5
What is the tens digit of 3315790?
9
What is the units digit of 8938954?
4
What is the millions digit of 18453233?
8
What is the hundred thousands digit of 26809220?
8
What is the tens digit of 317561?
6
What is the ten thousands digit of 1258743?
5
What is the tens digit of 288561?
6
What is the units digit of 523?
3
What is the thousands digit of 489520?
9
What is the tens digit of 204236?
3
What is the hundreds digit of 6582582?
5
What is the ten thousands digit of 2059138?
5
What is the tens digit of 42529?
2
What is the ten thousands digit of 5520268?
2
What is the thousands digit of 14723045?
3
What is the thousands digit of 110760?
0
What is the units digit of 44915?
5
What is the thousands digit of 1453854?
3
What is the units digit of 245454?
4
What is the tens digit of 99060?
6
What is the ten thousands digit of 723529?
2
What is the hundreds digit of 2470180?
1
What is the tens digit of 4402424?
2
What is the ten thousands digit of 4072346?
7
What is the units digit of 265436?
6
What is the units digit of 12500739?
9
What is the hundred thousands digit of 159710?
1
What is the hundreds digit of 327817?
8
What is the hundreds digit of 555762?
7
What is the thousands digit of 17052?
7
What is the hundreds digit of 1384743?
7
What is the units digit of 407214?
4
What is the hundreds digit of 3771975?
9
What is the ten thousands digit of 3918342?
1
What is the hundred thousands digit of 9304710?
3
What is the millions digit of 1072874?
1
What is the thousands digit of 6530516?
0
What is the thousands digit of 20610793?
0
What is the hundred thousands digit of 931818?
9
What is the ten thousands digit of 829905?
2
What is the ten thousands digit of 3351419?
5
What is the tens digit of 1773260?
6
What is the thousands digit of 546950?
6
What is the hundred thousands digit of 617266?
6
What is the ten thousands digit of 4499256?
9
What is the ten thousands digit of 3093016?
9
What is the hundred thousands digit of 18740648?
7
What is the hundred thousands digit of 673738?
6
What is the hundreds digit of 5865839?
8
What is the hundred thousands digit of 348640?
3
What is the tens digit of 443916?
1
What is the tens digit of 3374315?
1
What is the tens digit of 2186203?
0
What is the hundreds digit of 21475720?
7
What is the ten thousands digit of 388291?
8
What is the ten thousands digit of 7949671?
4
What is the thousands digit of 3458070?
8
What is the millions digit of 2400102?
2
What is the hundreds digit of 879620?
6
What is the ten thousands digit of 5677491?
7
What is the units digit of 364793?
3
What is the thousands digit of 4267544?
7
What is the hundreds digit of 2082159?
1
What is the tens digit of 530969?
6
What is the millions digit of 1874852?
1
What is the tens digit of 310578?
7
What is the hundreds digit of 275777?
7
What is the ten thousands digit of 2563410?
6
What is the units digit of 122118?
8
What is the units digit of 2056378?
8
What is the ten thousands digit of 10224289?
2
What is the thousands digit of 2978334?
8
What is the tens digit of 8854473?
7
What is the ten thousands digit of 2294405?
9
What is the tens digit of 1049634?
3
What is the hundreds digit of 9505591?
5
What is the ten thousands digit of 3775591?
7
What is the hundreds digit of 164335?
3
What is the hundred thousands digit of 1696118?
6
What is the ten thousands digit of 17613463?
1
What is the hundreds digit of 58783?
7
What is the hundred thousands digit of 1009289?
0
What is the millions digit of 21221107?
1
What is the hundreds digit of 328611?
6
What is the units digit of 158710?
0
What is the hundred thousands digit of 37742130?
7
What is the thousands digit of 4332345?
2
What is the hundred thousands digit of 665089?
6
What is the thousands digit of 4363060?
3
What is the tens digit of 15417752?
5
What is the hundreds digit of 3368473?
4
What is the thousands digit of 5320588?
0
What is the millions digit of 5709474?
5
What is the units digit of 929924?
4
What is the units digit of 56398?
8
What is the ten thousands digit of 979540?
7
What is the hundred thousands digit of 192656?
1
What is the ten thousands digit of 819043?
1
What is the millions digit of 19055753?
9
What is the units digit of 1161094?
4
What is the hundred thousands digit of 536782?
5
What is the hundreds digit of 104003?
0
What is the hundreds digit of 65496?
4
What is the ten thousands digit of 1909629?
0
What is the hundreds digit of 924852?
8
What is the thousands digit of 66679?
6
What is the thousands digit of 369528?
9
What is the hundred thousands digit of 9035937?
0
What is the tens digit of 6307?
0
What is the millions digit of 1362700?
1
What is the units digit of 570888?
8
What is the ten thousands digit of 9153389?
5
What is the ten thousands digit of 6546925?
4
What is the tens digit of 151078?
7
What is the millions digit of 1109041?
1
What is the hundreds digit of 529863?
8
What is the millions digit of 31193829?
1
What is the hundreds digit of 226192?
1
What is the hundred thousands digit of 278154?
2
What is the units digit of 163791?
1
What is the hundred thousands digit of 4754562?
7
What is the millions digit of 8484704?
8
What is the thousands digit of 235717?
5
What is the tens digit of 114177?
7
What is the thousands digit of 414815?
4
What is the units digit of 195100?
0
What is the hundreds digit of 6167?
1
What is the units digit of 6866541?
1
What is the thousands digit of 3971784?
1
What is the hundreds digit of 196741?
7
What is the units digit of 432823?
3
What is the millions digit of 1511323?
1
What is the ten thousands digit of 3085456?
8
What is the units digit of 68716?
6
What is the hundred thousands digit of 4706154?
7
What is the thousands digit of 1031112?
1